 Let m be w(-6). Suppose -11*l + m*l = 0. Give u(l).
16
Let l = 35 + -33. Let x(j) = 6*j**2 + 7*j - 5*j**2 + 8 + j**l - j**2. Calculate x(-6).
2
Let p(t) be the third derivative of t**9/60480 + t**8/10080 - t**7/1680 + t**6/180 + t**5/15 + 11*t**2. Let z(x) be the third derivative of p(x). Give z(-3).
4
Let j be (-2 + 4)*10/4. Let x(b) = 5*b**2 - 804*b + 1 + 0 - 5 - b**3 - 1 + 805*b. What is x(j)?
0
Let g(v) = v**2 + 5*v - 10. Let j = 0 + -3. Let q be 31/(-310) - (-39)/(-10). Let o = q + j. Give g(o).
4
Suppose -110*x + 100*x - 90 = 0. Let h(o) = -o**3 - 10*o**2 - 9*o - 3. What is h(x)?
-3
Let t be (-4)/(-14) - (-231)/49. Let m(k) = -k**3 + 5*k**2 + k - 3. Let u be m(t). Let b(r) = -r - 4 + u*r + 3 + 2*r. Determine b(-1).
-4
Let q(j) be the third derivative of j**5/60 - 5*j**4/24 - j**3/2 - j**2. Let a = -9944 + 9948. What is q(a)?
-7
Let d(j) = 13*j - 2. Let t(g) = 115*g - 20. Let r(s) = 35*d(s) - 4*t(s). Calculate r(3).
-5
Let q(n) be the second derivative of n**5/20 - 17*n**4/12 - 19*n**3/6 + 2*n**2 + 123*n + 1. What is q(18)?
-14
Let g(d) = d**2 + d + 1. Let v = 12 - 8. Suppose -3*c = 1 - v. Let j(k) = 9*k**2 + 3*k + 2. Let z(h) = c*j(h) - 2*g(h). What is z(-1)?
6
Let i(a) = -54*a**2 + 122*a**2 - 38*a**2 + 19 - 14*a - 31*a**2. What is i(-15)?
4
Let w(v) = v**2 + 5*v - 3. Let y be w(-6). Suppose 4*g + 0*g = -2*a - 4, -4 = -y*a - g. Let s(k) = k**a + 0 - 5*k + 8*k - 5. What is s(-4)?
-1
Let o(z) = -1 - 3*z + 0*z + 2*z**3 + 2*z. Suppose 2*u + 0*c - 3*c + 14 = 0, -c = 3*u - 1. Give o(u).
-2
Let k(l) = -l**2 - 14*l - 22. Suppose -215*i + 203*i = 144. Give k(i).
2
Suppose -4*y - 25 = -233. Suppose y = 4*w + 5*b, -6*w + 4*b + 24 = -w. Suppose w*c = 3*c - 20. Let s(r) = 3*r + 6. What is s(c)?
-6
Let j = -1 + -1. Let t be (4/(-3))/(j/36). Suppose 3*d + 5*k = 22, -4*d = k + 3*k - t. Let z(m) = -5*m + 6. Give z(d).
-14
Let d(m) be the first derivative of -m**2/2 - 25*m + 62. What is d(0)?
-25
Let k(g) = g**2 - 3*g - 1. Suppose 5*h + w - 20 = 5*w, 0 = h - w - 4. Suppose -h = -3*m + 2. Determine k(m).
-3
Let f(w) = -5*w - 37. Let h(z) = -7*z - 59. Let a(b) = -8*f(b) + 5*h(b). Let i(n) = 4*n**3. Let o be i(1). What is a(o)?
21
Let z = 3 + -2. Let p(b) = -b + 64. Let r be p(0). Let a(s) = -4*s + 64 - r + 3*s. What is a(z)?
-1
Let r be (-1)/5 - 864/480. Let i(a) = 17*a**2 + 3*a + 3. Calculate i(r).
65
Let x = 21 - 20. Suppose h = 2 - x. Let z(i) = -12*i**3 - 4*i**2 + h + 3*i**2 + 8*i**3. Calculate z(1).
-4
Let j(n) be the first derivative of n**4/4 + n**3/3 - n**2 + n - 253. Calculate j(1).
1
Suppose -43*k + l + 7 = -42*k, -k + 5*l = -19. Let j(v) = 7*v - 7. What is j(k)?
21
Suppose 16 = -7*n + 11*n. Let v(w) = -4*w**2 - 2*w + 4 - w**3 + n*w**2 - 5*w**2. Let o = -15 - -11. Determine v(o).
-4
Let d(w) be the second derivative of -w**3/6 + w**2 + w. Let x(s) = 9*s - 1 - 6*s - 3*s**2 + s**3 + 0*s**3. Let z be x(2). Give d(z).
1
Let p(n) = n**2 - 5*n - 3. Let i = -3 - -7. Let k = i - -1. Calculate p(k).
-3
Let r(c) = -10*c + 9. Let y be ((-385)/(-165))/(14/36). Determine r(y).
-51
Let k(z) = 4*z - 4*z + 4*z + 120732 - 120731. Let q = 1 + -2. Determine k(q).
-3
Let i(r) = -r**2 + 5*r + 6. Suppose 0 = -5*j - 11 - 144. Let k = 38 + j. Calculate i(k).
-8
Let n(u) = 2*u**3 - 2*u**2 - 17*u - 1. Let b(h) = -3*h**3 + 4*h**2 + 27*h + 2. Let g(q) = 5*b(q) + 8*n(q). Determine g(-3).
14
Let u(t) = t**2 + t - 9. Let l be u(-4). Let f be (-1 + l/3)*-1. Let q(r) = r**2 - r - 3. What is q(f)?
-3
Let q(r) be the first derivative of -1/2*r**2 + 1 - 1/3*r**3 - 11*r. Determine q(0).
-11
Let k(s) be the second derivative of s**3/3 + 2*s**2 - 160*s - 2. Suppose -5*h = 3*a - 2*a + 28, 3*h + 15 = 0. Calculate k(a).
-2
Suppose -4*k = 24 + 8. Let s(y) be the first derivative of -y**2/2 + 7*y + 531. Give s(k).
15
Let a(s) = 5*s + 35 - 12*s - 40 + 2*s**2. Let c be a(4). Let f(p) = -8*p**2 - 2*p - 1. What is f(c)?
-7
Let r(i) = i**2 + i. Let n(l) = 6*l**2 + 4*l - 1. Let m(y) = -n(y) + 4*r(y). Let t be m(0). Let a(g) = -2*g**3 + g**2 - g. Calculate a(t).
-2
Let u(w) = -2*w**2 + 11. Let x(y) = y**2 - 5. Suppose 3*j + 6 = -3, 4*k + 2*j = 30. Let l(f) = k*x(f) + 4*u(f). Determine l(2).
3
Let y(c) = -2*c**3 - 3*c**2 + 7*c + 18. Let m(n) = n**3 + 2*n**2 - 4*n - 9. Let f(b) = 7*m(b) + 3*y(b). Suppose 8*i = 4*i, 4*p + 24 = 5*i. Determine f(p).
-3
Let c(h) = h**3 + 5*h**2 - 5*h - 1. Let y be c(-6). Let u(a) = -a. Let l be u(-2). Let j(o) = 3*o**2 - 7*o + 4 + 5*o**l + o**3 - 2*o**2. What is j(y)?
4
Let a = -866 - -868. Let q(d) be the first derivative of 0*d**a - 11/4*d**4 + 1/3*d**3 + 0*d + 2. Calculate q(1).
-10
Let m(v) = 2*v**2 - 6*v - 2. Let s be -2*((-90)/12 + 1 - -4). Calculate m(s).
18
Let a(h) = -5*h + 31. Suppose 60 - 20 = 8*b. Give a(b).
6
Let u(l) = -6*l**2. Suppose -4*q + 20 = -4*d, -5*q - 2*d + 32 = -0*d. Suppose -q*h = -26 + 2. Suppose -5*f + h*n + 21 = 0, f + 3*n = -0*n - 11. Give u(f).
-6
Suppose -s + 0*s = -7*s. Suppose s*g = -u + g, -u = -2*g. Let k(r) be the third derivative of r**4/24 + 5*r**3/6 - r**2. Give k(u).
5
Let a(d) = d**3 + 4*d**2 - 5. Let f(r) = -r**2 + r. Let x(s) = -a(s) + 2*f(s). Suppose -9*v = -v - 40. Let k be (-1)/(-1) - (2 + v). What is x(k)?
-7
Suppose -t - 2 + 0 = 3*x, -4*t - 17 = 3*x. Let i(z) = -z + 2 + x + 3. Suppose 0*g = 3*g. Determine i(g).
6
Let i(y) = y**3 + 3*y**2 - 2*y + 4. Let k(t) = 3*t + 4. Let p be k(2). Let j = 4 + p. Suppose 0 = -5*w + 5*x - 25, 2*x + j = -4*w - 0*x. Give i(w).
-4
Let g = -43 + 45. Let h(a) = 40*a**g + 39*a**2 - 1 - 76*a**2 + 3*a. What is h(-3)?
17
Let q = 595 - 605. Let z(r) = r**2 + 9*r - 4. Calculate z(q).
6
Let o(p) = -p + 4*p + 0*p + 3*p - 12. Give o(3).
6
Let v(c) be the second derivative of -c**4/12 + 2*c**3/3 - c**2 - 2*c. What is v(3)?
1
Let d(n) be the third derivative of -5*n**4/24 - 2*n**3/3 + n**2. Suppose -29 = -3*p + 5*y, -3*p - y + 2 = -3. Calculate d(p).
-19
Suppose -4*w - 84 = -8*w. Suppose -5*b = 3*f - 28, 5*b + f = 5*f + w. Suppose -b = 5*r - 10. Let m(z) = -2*z + 1. Give m(r).
-1
Let o(l) = -4*l + 10. Let x = 1143 - 1139. Calculate o(x).
-6
Let p(f) = f**3 + 6*f**2 + 3*f + 9. Let m(i) = 2*i**3 + 3*i**2 + 3*i + 4. Let b(x) = x**2 + 6*x + 6. Let d be b(-4). Let s be m(d). What is p(s)?
-9
Let w(q) = q - 3. Let t be w(5). Suppose t*y + 4*y = 1242. Let b(m) = y + 0*m**2 - 4*m**2 - 208. Give b(-2).
-17
Suppose -8*m - 1337 = -3945. Let f(w) = m*w - 1 + 3*w**2 - 326*w. Determine f(-1).
2
Let l(m) be the second derivative of m**4/12 + 7*m**3/6 + 7*m**2/2 - 2*m. Suppose 0*z - 3*z = 2*z. Suppose -5*r + 19*r + 70 = z. Determine l(r).
-3
Let l(a) be the second derivative of 3*a**2 + 0 + 1/6*a**3 + 7*a. Determine l(-6).
0
Let r(c) = 2*c**2 + 2. Let s be r(-1). Let l(b) = -19 + 42 - 3*b - 20. Give l(s).
-9
Let g(z) = -z**2 - z + 5. Let y = -57 + 54. Let p be (-5)/2 - (9/(-6) - y). Determine g(p).
-7
Suppose 11*u - 20 = 6*u. Let t = u - 2. Let a(d) = 3*d**2 + d**3 + d - 2*d**3 - d**2. Give a(t).
2
Let z(m) = 15*m + 3. Let j be z(-3). Let f = 41 - 2. Let d = f + j. Let h(v) = -v**3 - 3*v**2 + 2*v + 1. Calculate h(d).
-5
Let h(y) = y**2 - 294*y - 11 + 138*y + 139*y. Determine h(17).
-11
Let f = -28 - -25. Let b be (f/4)/(1/4). Let w(v) be the third derivative of v**6/120 + v**5/20 - v**4/6 - v**3/6 + 11*v**2. What is w(b)?
11
Let w(v) = -v - 3. Let o be w(-4). Suppose 13*b - 14 + 1 = 0. Let m(p) = p + b - o - 3. Calculate m(-5).
-8
Let m = -78 + 80. Let g(q) = 10*q + 4*q**m + 1 - 2*q**3 + 6*q**3 - 5*q**3 - 3*q. What is g(5)?
11
Let c(h) = h**3 - 2*h**2 - 3*h + 4. Let w(o) = o**3 - 15*o**2 - 32*o - 30. Let v be w(17). Give c(v).
24
Let w(j) be the third derivative of -j**5/60 + j**4/3 - 5*j**3/3 - 6*j**2 - 3. Determine w(7).
-3
Suppose 0 = 31*p - 37*p + 390. Let j = -57 + p. Let k(a) = a**2 - 7*a + 6. What is k(j)?
14
Suppose 10*s + 6 = 4*s. Let i(c) = 2*c**2 + 2*c**3 + 2*c + 0*c**2 + 7 - 6. What is i(s)?
-1
Let t(d) = 3*d. Let s(m) = 4*m - 10. Let x(q) = -s(q) + t(q). Determine x(-5).
15
Let f(y) = -30*y**2 + y. Suppose 16 - 12 = -4*u. Determine f(u).
-31
Let q(w) = 2*w - 8 - 8*w - w**3 - 115*w**2 + 104*w**2 + 28 - w. Give q(-10).
-10
Let m be 1/(-2) - (-30)/12. Let h(y) = -y**3 - y**2 + y + 2. Let z be h(-2). Let c(g) = -17*g**m - 3*g + 3 + 16*g**2 + 4*g + z. Determine c(0).
7
Let r(b) be the second derivative of b